{"id":11274,"date":"2024-12-27T15:38:19","date_gmt":"2024-12-27T18:38:19","guid":{"rendered":"https:\/\/letsgofitness.cl\/?post_type=product&#038;p=11274"},"modified":"2026-04-24T12:54:57","modified_gmt":"2026-04-24T15:54:57","slug":"preventa-lat-pulldown-low-row-st4","status":"publish","type":"product","link":"https:\/\/letsgofitness.cl\/index.php\/producto\/preventa-lat-pulldown-low-row-st4\/","title":{"rendered":"PREVENTA LAT PULLDOWN\/LOW ROW ST4"},"content":{"rendered":"<p class=\"product_title entry-title\"><strong>LAT PULLDOWN\/LOW ROW ST4, <\/strong>\u00a0maquina profesional para realizar un entrenamiento eficaz de la parte superior de la espalda\u00a0 dorsal ancho<b>,<\/b> los extensores del hombro y los m\u00fasculos del brazo. Este ejercicio tambi\u00e9n activa los deltoides, b\u00edceps y antebrazos.<\/p>\n<p>Extensi\u00f3n de rodillo de cadera ajustable con 5 posiciones\u00a0<b>,<\/b> cuenta con un asiento largo que le permite ajustar la m\u00e1quina a cualquier usuario, \u00a0los bloques superiores son ajustables sobre una fuerte gu\u00eda de acero inoxidable<b>,<\/b> todos los ajustes se realizan mediante abrazaderas de resorte, almohadillas de goma para los pies le permiten adoptar una posici\u00f3n c\u00f3moda durante el tir\u00f3n inferior, tiene un funcionamiento silencioso y suave, gracias al bloque de cables del simulador, que consta de: poleas de nailon con cojinetes de bajo ruido prensados, un cable de acero con revestimiento, esta m\u00e1quina es muy adecuada para gimnasios con espacio limitado.<\/p>\n<p><strong>DIMENSIONES Y PESO:<\/strong><\/p>\n<ul>\n<li><strong>DIMENSIONES<\/strong>:214x135x242 cm.<\/li>\n<li><strong>PESO<\/strong>: 310 kg.<\/li>\n<li><strong>STACK PLACAS:<\/strong> 100 KG<\/li>\n<li><b>AJUSTE HORIZONTAL DE RODILLOS:<\/b>\u00a05 posiciones.<\/li>\n<li><b>TAPIZADO<\/b>: cuero profesional de primera calidad.<\/li>\n<\/ul>\n<p>&nbsp;<\/p>\n<p>&nbsp;<\/p>\n","protected":false},"excerpt":{"rendered":"<p>LAT PULLDOWN\/LOW ROW ST4, \u00a0maquina profesional para realizar un entrenamiento eficaz de la parte superior de la espalda\u00a0 dorsal ancho, los extensores del hombro y los<span class=\"excerpt-hellip\"> [\u2026]<\/span><\/p>\n","protected":false},"featured_media":11266,"template":"","meta":{"_joinchat":[]},"product_brand":[],"product_cat":[135,121,122,32],"product_tag":[],"class_list":{"0":"post-11274","1":"product","2":"type-product","3":"status-publish","4":"has-post-thumbnail","6":"product_cat-oferta","7":"product_cat-proximamente-en-stock","8":"product_cat-stock","9":"product_cat-profesional","11":"first","12":"instock","13":"sale","14":"shipping-taxable","15":"purchasable","16":"product-type-simple"},"_links":{"self":[{"href":"https:\/\/letsgofitness.cl\/index.php\/wp-json\/wp\/v2\/product\/11274","targetHints":{"allow":["GET"]}}],"collection":[{"href":"https:\/\/letsgofitness.cl\/index.php\/wp-json\/wp\/v2\/product"}],"about":[{"href":"https:\/\/letsgofitness.cl\/index.php\/wp-json\/wp\/v2\/types\/product"}],"wp:featuredmedia":[{"embeddable":true,"href":"https:\/\/letsgofitness.cl\/index.php\/wp-json\/wp\/v2\/media\/11266"}],"wp:attachment":[{"href":"https:\/\/letsgofitness.cl\/index.php\/wp-json\/wp\/v2\/media?parent=11274"}],"wp:term":[{"taxonomy":"product_brand","embeddable":true,"href":"https:\/\/letsgofitness.cl\/index.php\/wp-json\/wp\/v2\/product_brand?post=11274"},{"taxonomy":"product_cat","embeddable":true,"href":"https:\/\/letsgofitness.cl\/index.php\/wp-json\/wp\/v2\/product_cat?post=11274"},{"taxonomy":"product_tag","embeddable":true,"href":"https:\/\/letsgofitness.cl\/index.php\/wp-json\/wp\/v2\/product_tag?post=11274"}],"curies":[{"name":"wp","href":"https:\/\/api.w.org\/{rel}","templated":true}]}}