{"id":10968,"date":"2024-11-18T15:41:03","date_gmt":"2024-11-18T18:41:03","guid":{"rendered":"https:\/\/letsgofitness.cl\/?post_type=product&#038;p=10968"},"modified":"2026-04-10T11:13:13","modified_gmt":"2026-04-10T14:13:13","slug":"preventa-biceps-curl-strength-st4","status":"publish","type":"product","link":"https:\/\/letsgofitness.cl\/index.php\/producto\/preventa-biceps-curl-strength-st4\/","title":{"rendered":"Biceps Curl STRENGTH ST4 **OFERTA PAGO CONTADO $1.390.000** (Transferencia)"},"content":{"rendered":"<div class=\"kb0PBd ieodic\" data-snf=\"nke7rc\" data-sncf=\"1,2\">\n<div class=\"VwiC3b yXK7lf p4wth r025kc hJNv6b\"><em><strong>\u00a0B\u00edceps curl st3<\/strong> , tiene un a<\/em>juste preciso y dise\u00f1o ergon\u00f3mico para un entrenamiento efectivo y c\u00f3modo, su dise\u00f1o robusto y biomec\u00e1nico la hacen perfecto para los entornos m\u00e1s exigentes de gimnasios profesionales y estudios de alto rendimiento, curl de b\u00edceps ofrece cualidades beneficiosas, como conjuntos de brazos dobles independientes para el entrenamiento unilateral y bilateral, asas de eslab\u00f3n de arrastre para adaptarse a una amplia gama de usuarios sin necesidad de ajustes adicionales, dise\u00f1o de entrada y salida f\u00e1cil de perfil bajo que proporciona un entorno de entrenamiento c\u00f3modo y eficaz.<\/div>\n<\/div>\n<p>&nbsp;<\/p>\n<h5><strong>\u00a0 \u00a0CARACTER\u00cdSTICAS T\u00c9CNICAS:<\/strong><\/h5>\n<ul>\n<li><strong>DIMENSIONES: <\/strong>122 X 157 X 148 CM<\/li>\n<li><strong>STACK<\/strong>: 100 KG<\/li>\n<li><strong>MATERIAL:<\/strong> Q235<\/li>\n<li><strong>GROSOR:<\/strong> 3MM<\/li>\n<\/ul>\n<p>&nbsp;<\/p>\n<p><strong>OFERTA PAGO CONTADO $1.390.000<\/strong><\/p>\n<p><strong>Datos de Transferencia:<\/strong><\/p>\n<ul>\n<li>Cuenta corriente Banco de Chile N\u00b0\u00a0<strong>2780129801<\/strong><\/li>\n<li>Nombre:<strong>\u00a0Lets Go Fitness SpA\u00a0<\/strong>\u00a0Rut:<strong>\u00a076.631.524-0<\/strong><\/li>\n<li>Email:\u00a0<strong>ventas@letsgofitness.cl<\/strong><\/li>\n<\/ul>\n<blockquote><p><strong>Incluir mensaje SKU + OFERTA + Fono Contacto<\/strong><\/p><\/blockquote>\n","protected":false},"excerpt":{"rendered":"<p><strong>*OFERTA PAGO CONTADO: $1.390.000 (Transferencia)*\u00a0<\/strong><\/p>\n<p>Datos de Transferencia en\u00a0<strong>DESCRIPCI\u00d3N\u00a0 DEL PRODUCTO.<\/strong><\/p>\n","protected":false},"featured_media":10886,"template":"","meta":{"_joinchat":[]},"product_brand":[],"product_cat":[276,135,122,32],"product_tag":[],"class_list":{"0":"post-10968","1":"product","2":"type-product","3":"status-publish","4":"has-post-thumbnail","6":"product_cat-oferta-pago-contado","7":"product_cat-oferta","8":"product_cat-stock","9":"product_cat-profesional","11":"first","12":"instock","13":"sale","14":"shipping-taxable","15":"purchasable","16":"product-type-simple"},"_links":{"self":[{"href":"https:\/\/letsgofitness.cl\/index.php\/wp-json\/wp\/v2\/product\/10968","targetHints":{"allow":["GET"]}}],"collection":[{"href":"https:\/\/letsgofitness.cl\/index.php\/wp-json\/wp\/v2\/product"}],"about":[{"href":"https:\/\/letsgofitness.cl\/index.php\/wp-json\/wp\/v2\/types\/product"}],"wp:featuredmedia":[{"embeddable":true,"href":"https:\/\/letsgofitness.cl\/index.php\/wp-json\/wp\/v2\/media\/10886"}],"wp:attachment":[{"href":"https:\/\/letsgofitness.cl\/index.php\/wp-json\/wp\/v2\/media?parent=10968"}],"wp:term":[{"taxonomy":"product_brand","embeddable":true,"href":"https:\/\/letsgofitness.cl\/index.php\/wp-json\/wp\/v2\/product_brand?post=10968"},{"taxonomy":"product_cat","embeddable":true,"href":"https:\/\/letsgofitness.cl\/index.php\/wp-json\/wp\/v2\/product_cat?post=10968"},{"taxonomy":"product_tag","embeddable":true,"href":"https:\/\/letsgofitness.cl\/index.php\/wp-json\/wp\/v2\/product_tag?post=10968"}],"curies":[{"name":"wp","href":"https:\/\/api.w.org\/{rel}","templated":true}]}}