{"id":10911,"date":"2024-11-14T10:38:04","date_gmt":"2024-11-14T13:38:04","guid":{"rendered":"https:\/\/letsgofitness.cl\/?post_type=product&#038;p=10911"},"modified":"2026-04-24T11:04:59","modified_gmt":"2026-04-24T14:04:59","slug":"preventa-glute-machine-st3","status":"publish","type":"product","link":"https:\/\/letsgofitness.cl\/index.php\/producto\/preventa-glute-machine-st3\/","title":{"rendered":"PREVENTA GLUTE MACHINE ST3"},"content":{"rendered":"<p>La m\u00e1quina GLUTE MACHINE ST3 est\u00e1 dise\u00f1ada espec\u00edficamente para fortalecer los gl\u00fateos, su funci\u00f3n de patada de gl\u00fateos asegura una postura \u00f3ptima para dirigir el entrenamiento hacia los m\u00fasculos que deseas trabajar, \u00a0puedes ajustar la carga de la m\u00e1quina con los discos de peso que prefieras, con nuestra m\u00e1quina conseguir\u00e1s los mejores\u00a0 resultados ya que han demostrado que son eficaces para trabajar los grupos musculares, se adapta a diferentes niveles de entrenamientos.<\/p>\n<p><strong>Caracter\u00edsticas:<\/strong><\/p>\n<ul>\n<li>La m\u00e1quina incluye 2 soportes acolchados para apoyar los brazos y 1 para el torso y abdomen.<\/li>\n<li>Base estable y ampliada para gran estabilidad de la m\u00e1quina.<\/li>\n<li>Placa para pies ampliada para diferentes amplitudes de pierna.<\/li>\n<li>Incluye 1 soporte para discos.<\/li>\n<li>Color: Negro<\/li>\n<li>Dimensiones: 221x 119x 168 cm<\/li>\n<\/ul>\n<p>&nbsp;<\/p>\n<p>&nbsp;<\/p>\n<p><strong>Datos de Transferencia:<\/strong><\/p>\n<ul>\n<li>Cuenta corriente Banco de Chile N\u00b0\u00a0<strong>2780129801<\/strong><\/li>\n<li>Nombre:<strong>\u00a0Lets Go Fitness SpA\u00a0<\/strong>\u00a0Rut:<strong>\u00a076.631.524-0<\/strong><\/li>\n<li>Email:\u00a0<strong>ventas@letsgofitness.cl<\/strong><\/li>\n<\/ul>\n","protected":false},"excerpt":{"rendered":"<p>Datos de Transferencia en\u00a0<strong>DESCRIPCI\u00d3N\u00a0 DEL PRODUCTO<\/strong><\/p>\n","protected":false},"featured_media":10853,"template":"","meta":{"_joinchat":[]},"product_brand":[],"product_cat":[276,135,121,122,32,47],"product_tag":[],"class_list":{"0":"post-10911","1":"product","2":"type-product","3":"status-publish","4":"has-post-thumbnail","6":"product_cat-oferta-pago-contado","7":"product_cat-oferta","8":"product_cat-proximamente-en-stock","9":"product_cat-stock","10":"product_cat-profesional","11":"product_cat-peso-libre-profesional","13":"first","14":"instock","15":"sale","16":"shipping-taxable","17":"purchasable","18":"product-type-simple"},"_links":{"self":[{"href":"https:\/\/letsgofitness.cl\/index.php\/wp-json\/wp\/v2\/product\/10911","targetHints":{"allow":["GET"]}}],"collection":[{"href":"https:\/\/letsgofitness.cl\/index.php\/wp-json\/wp\/v2\/product"}],"about":[{"href":"https:\/\/letsgofitness.cl\/index.php\/wp-json\/wp\/v2\/types\/product"}],"wp:featuredmedia":[{"embeddable":true,"href":"https:\/\/letsgofitness.cl\/index.php\/wp-json\/wp\/v2\/media\/10853"}],"wp:attachment":[{"href":"https:\/\/letsgofitness.cl\/index.php\/wp-json\/wp\/v2\/media?parent=10911"}],"wp:term":[{"taxonomy":"product_brand","embeddable":true,"href":"https:\/\/letsgofitness.cl\/index.php\/wp-json\/wp\/v2\/product_brand?post=10911"},{"taxonomy":"product_cat","embeddable":true,"href":"https:\/\/letsgofitness.cl\/index.php\/wp-json\/wp\/v2\/product_cat?post=10911"},{"taxonomy":"product_tag","embeddable":true,"href":"https:\/\/letsgofitness.cl\/index.php\/wp-json\/wp\/v2\/product_tag?post=10911"}],"curies":[{"name":"wp","href":"https:\/\/api.w.org\/{rel}","templated":true}]}}