{"id":10791,"date":"2024-10-21T10:36:36","date_gmt":"2024-10-21T13:36:36","guid":{"rendered":"https:\/\/letsgofitness.cl\/?post_type=product&#038;p=10791"},"modified":"2026-04-10T11:16:43","modified_gmt":"2026-04-10T14:16:43","slug":"tatami-blue-red-puzzle-lgf-100x100-cm-20-mm","status":"publish","type":"product","link":"https:\/\/letsgofitness.cl\/index.php\/producto\/tatami-blue-red-puzzle-lgf-100x100-cm-20-mm\/","title":{"rendered":"TATAMI BLUE\/RED PUZZLE LGF 100X100 CM &#8211; 20 MM"},"content":{"rendered":"<p><strong>Tatami AZUL\/ROJO 100 X 100 X 20 MM<\/strong><\/p>\n<p>Dise\u00f1ado para realizar ejercicios de Judo, Taekwondo, Karate, Kung-Fu, Kickboxing, Aikido, Boxeo, Jiu-Jitsu, Muay Thai, Sumo, Kendo.<\/p>\n<p>Puzzle tatami, reversible y encajable, fabricado material no t\u00f3xico en EVA (etileno acetato de vinilo) \u00a0de celdas cerradas monodensidad expandida, moldeado y troquelado en un sistema especial de cierre reversible. Acabado antideslizante se acaba en caliente en la superficie, creando un efecto de pel\u00edcula que facilita la limpieza del producto. El tatami es bicolor con marcos perimetrales. Indicado para disciplinas donde se realizan ca\u00eddas o proyecciones en el suelo, que requieren que el Tatami tenga una alta absorci\u00f3n de impactos.<\/p>\n<p><strong>Caracter\u00edsticas:<\/strong><\/p>\n<ul>\n<li><strong>\u00c1REA DE LA SUPERFICIE:<\/strong> Tama\u00f1o de 1 metro x 1 metro y un grosor de 20 mm. Superficie con patr\u00f3n oliva antideslizante con esquina tipo diamante, y lo suficientemente texturizada para permitir un mejor agarre en el suelo.<\/li>\n<li><strong>F\u00c1CIL DE LIMPIAR, TRANSPORTAR Y GUARDAR:<\/strong>\u00a0El tatami dado que es desmontable, es muy f\u00e1cil de transportar y guardar en cualquier sitio. Adem\u00e1s, su material est\u00e1 dise\u00f1ado para ser lavado con toda facilidad y es resistente al agua y la humedad.<\/li>\n<li>Es antideslizante, resistente al desgaste, disminuye el sonido y absorbe los golpes, f\u00e1cil de instalar y mantener, respetuoso con el medio ambiente, reciclable, resistente a la humedad y aislante.<\/li>\n<\/ul>\n","protected":false},"excerpt":{"rendered":"<p>Tatami AZUL\/ROJO 100 X 100 X 20 MM Dise\u00f1ado para realizar ejercicios de Judo, Taekwondo, Karate, Kung-Fu, Kickboxing, Aikido, Boxeo, Jiu-Jitsu, Muay Thai, Sumo, Kendo. Puzzle<span class=\"excerpt-hellip\"> [\u2026]<\/span><\/p>\n","protected":false},"featured_media":10797,"template":"","meta":{"_joinchat":[]},"product_brand":[],"product_cat":[106,135,122],"product_tag":[],"class_list":{"0":"post-10791","1":"product","2":"type-product","3":"status-publish","4":"has-post-thumbnail","6":"product_cat-accesorios","7":"product_cat-oferta","8":"product_cat-stock","10":"first","11":"instock","12":"sale","13":"shipping-taxable","14":"purchasable","15":"product-type-simple"},"_links":{"self":[{"href":"https:\/\/letsgofitness.cl\/index.php\/wp-json\/wp\/v2\/product\/10791","targetHints":{"allow":["GET"]}}],"collection":[{"href":"https:\/\/letsgofitness.cl\/index.php\/wp-json\/wp\/v2\/product"}],"about":[{"href":"https:\/\/letsgofitness.cl\/index.php\/wp-json\/wp\/v2\/types\/product"}],"wp:featuredmedia":[{"embeddable":true,"href":"https:\/\/letsgofitness.cl\/index.php\/wp-json\/wp\/v2\/media\/10797"}],"wp:attachment":[{"href":"https:\/\/letsgofitness.cl\/index.php\/wp-json\/wp\/v2\/media?parent=10791"}],"wp:term":[{"taxonomy":"product_brand","embeddable":true,"href":"https:\/\/letsgofitness.cl\/index.php\/wp-json\/wp\/v2\/product_brand?post=10791"},{"taxonomy":"product_cat","embeddable":true,"href":"https:\/\/letsgofitness.cl\/index.php\/wp-json\/wp\/v2\/product_cat?post=10791"},{"taxonomy":"product_tag","embeddable":true,"href":"https:\/\/letsgofitness.cl\/index.php\/wp-json\/wp\/v2\/product_tag?post=10791"}],"curies":[{"name":"wp","href":"https:\/\/api.w.org\/{rel}","templated":true}]}}